580. Is d composite?
True
Let l = 250887 + -84382. Is l a prime number?
False
Let p be 1/((-3372)/3368*-1 + -1). Let b = -585 + p. Is b prime?
True
Let g(r) = -126*r**3 - 31*r**2 - 2*r + 4. Let i be g(-4). Suppose 20*u - i = -0*u. Is u a prime number?
True
Let y = 2 - 0. Suppose -14404 = -2*u + y*k, -1637 = -u - 4*k + 5570. Is (-1)/((-2)/(-1)) - u/(-14) a composite number?
True
Let g(i) = -14*i + 240. Let r be g(17). Is 2/r - 2 - -1188 a composite number?
False
Let n = 73176 - 43875. Is n prime?
False
Suppose 9250 = l + 3*k, 23*l + 3*k = 5*l + 166143. Is l a composite number?
True
Let q be (-2)/(-1)*(9/(-2) + 4). Let j be q + 4 - (15 + -16). Suppose 0 = 4*k - 12, k = j*o + 3*k - 574. Is o composite?
True
Let j(x) = 4619*x**2 + 159*x + 1263. Is j(-8) prime?
False
Let b(o) = o**2 - 3*o - 7. Let f be b(4). Let x be (-7759 - f - (-2)/2) + 3. Is 52/(-338) - (-5)/((-130)/x) a composite number?
True
Suppose 36*z + 100*z + 32153239 = 113784111. Is z prime?
False
Let r(n) = 2*n**3 - 6*n**2 - 16*n + 23. Let h be (-2)/5 - (-188)/20. Is r(h) a composite number?
True
Suppose -2*l = -l - 2*f - 617, -5*l + 3118 = f. Let q = 3899 - l. Is 1/(q/1636 - 2) a prime number?
True
Suppose 2*k + 1292488 = 4*h, 5*h - 581396 = -3*k + 1034225. Is h composite?
False
Let a be 60/(-2 - 500/(-251)). Is 10/(-3)*a/50 prime?
False
Suppose n - 5*y - 1614244 = 0, -81*n + 82*n - 1614238 = 3*y. Is n composite?
False
Suppose -m + 61289 = 3*g, 4*m - 213848 = -2*g + 31248. Is m prime?
False
Suppose 0 = 4*b - 5*n - 15, 5*b - 2*b + 4*n + 12 = 0. Suppose b = -4*z - 2039 + 23467. Is z prime?
False
Let l(r) = 1103*r**2 + 12*r - 2. Let q be l(-4). Suppose -9*a = -15*a + q. Let n = a - 1978. Is n composite?
True
Suppose -z = 3*o - 48802 - 396003, -3*o = 3*z - 1334379. Is z a composite number?
True
Let g = -8965 + 27164. Is g a prime number?
True
Let n(y) be the second derivative of y**3/2 + y**2 - 21*y. Let z be n(0). Suppose -4*u - 10 = u, 0 = 2*l + z*u - 318. Is l composite?
True
Let j(p) = 31*p + 97. Suppose -4*f + b + 161 = 6*b, 0 = 2*f + 3*b - 83. Is j(f) prime?
True
Let b = -22 + 29. Suppose -b*z + 3227 = -252. Suppose z = j - 636. Is j composite?
True
Let a be ((3 + (-11)/(-2))*-2)/(-1). Let t(g) = 52*g + 210. Is t(a) prime?
False
Let n(m) = m**3 + 31*m**2 + 27*m + 74. Let y be n(-23). Let f = 7092 - y. Is f prime?
True
Let u(g) = -6 - 13 + 2237*g**2 + g + 20. Let l be (1/2)/((-3)/6). Is u(l) composite?
False
Let w(d) = -363*d**3 + 11*d**2 + 44*d + 243. Is w(-8) prime?
True
Suppose -5*d = g - 35, 4*g - 196 - 36 = 3*d. Let b be 176/g + 2/(-10). Suppose 405 = b*k + 3*n, -5*k + 9*n - 4*n = -715. Is k a prime number?
True
Suppose 2 = -4*c + 62. Suppose 10*b + 3385 = c*b. Is b a composite number?
False
Is 4*(-18)/(-96) - (11979745/(-20) - 9) prime?
False
Let z = 76473 - 41272. Is z prime?
True
Let j = 1253 - 723. Let o = 1057 - j. Is o composite?
True
Suppose -c = -a - 7 - 0, 12 = 4*c. Let f be (2/a)/(2/(-348)*3). Let i = 29 + f. Is i prime?
False
Suppose -5*h + 1104186 = 2*r, h + 167*r - 171*r = 220846. Is h a prime number?
False
Suppose 1350 + 6055 = 5*b. Is b/((8 + -6)/2) a composite number?
False
Suppose n - 4*s + 17791 - 84298 = 0, -3*s - 332467 = -5*n. Is n a prime number?
True
Let w(s) = -3635*s + 642. Is w(-97) composite?
False
Let w(f) be the first derivative of 1520*f**3 + f**2/2 - 2. Let y be w(-1). Suppose 0 = 5*z + m - 78 - 4489, -5*z + 3*m = -y. Is z prime?
False
Let q(j) = 6*j**2 + 5*j + 1. Let h be q(6). Suppose u + u + 3816 = 0. Let a = h - u. Is a prime?
False
Let x be 39964 - 17/(-51)*(2 + 1). Suppose 0 = -3*z + x - 13304. Is z a composite number?
False
Let v = -201 + 3734. Suppose -2*a = -2*x - x + v, 3*x + 3*a = 3558. Is x prime?
True
Suppose 20 = 19*k - 284. Suppose 4*x = -4*z + k, -4*z = -3*x - 0*x + 12. Suppose 4*i + x*r - 3511 = 2561, -6037 = -4*i + 3*r. Is i a prime number?
False
Suppose j + 36 = -0. Let x = j - -66. Suppose -5*l + 96 = 2*d, d - 4*l + 2*l = x. Is d a composite number?
True
Let s = 17650 + 20218. Suppose 15*c + s = 19*c. Is c prime?
True
Suppose -6*p - 23 = -29*p. Is (p + 20954/(-8))*(-20)/15 a composite number?
False
Let m = 1779 - 3363. Let c = -655 - m. Is c a composite number?
False
Suppose 1595*a + 1632106 = 3196*a - 1587*a. Is a a prime number?
True
Let t = 33 + -322. Let p = -51 - t. Let j = p + 1507. Is j prime?
False
Let h be 2/(-1)*(-3 + 13). Let y be (-12)/(-3)*(-94695)/h - 0. Is ((-2)/(-6))/(y/4734 + -4) composite?
True
Let r = -46699 - -88892. Is r prime?
True
Let k = 2902351 + -1778298. Is k a composite number?
True
Let x(g) be the first derivative of -1379*g**4 + 7*g**2 + 13*g + 30. Is x(-1) prime?
False
Let l be 360232 - (-8 + 8 + -9). Suppose 0 = -32*y + 1210065 - l. Is y prime?
True
Let l = 49936 + -31131. Is l prime?
False
Let y = 2 + -4. Let z(m) = -2*m**3 + 32*m**2 - 30*m - 2. Let w be z(15). Is (-90)/54*(-878 - y/w) a composite number?
True
Is 7557 - (78/(-13))/3 a prime number?
True
Let t(x) = x**3 - 102*x + 239*x + 37*x**2 - 118*x + 76. Is t(-35) composite?
False
Suppose 9 - 4 = -5*a. Let j = a + -1. Is ((-1535)/(-10))/(-1)*j composite?
False
Is (92230 - ((3 - 9) + -1))/(6/66) prime?
False
Suppose 4*f + 5*u - 193176 = 344673, 4*f - 5*u - 537919 = 0. Is f a composite number?
False
Suppose 3 = r, 5*u + 4*r = 843005 + 1255512. Is u a prime number?
True
Let b(z) = -2915*z + 69. Is b(-4) prime?
False
Let r be 2 + -24 + (-6 - (-12)/3). Is (-4)/r - 78548/(-24) prime?
False
Suppose -70*w - 80*w = -19*w - 26388247. Is w prime?
True
Suppose 12*f = 4*z + 11*f - 51, 2*z + f - 21 = 0. Is (1 + 47440/z)*(-6)/(-2) a prime number?
True
Let k(r) = 896*r**2 - 88*r - 127. Is k(-31) prime?
False
Let k = -37 + 39. Suppose 167 = k*j - 31. Suppose -j + 336 = 3*o. Is o a prime number?
True
Let s(x) = 5429*x**2 - 20*x - 218. Is s(-7) a composite number?
True
Let q(g) = 18262*g - 65. Is q(6) a composite number?
False
Let k = -91425 - -300488. Is k a composite number?
False
Suppose 96*z = 191*z - 88*z - 393827. Is z a prime number?
False
Let f = 179758 - -138129. Is f composite?
False
Suppose -23*u + 56637 = -16*u. Suppose -5*o + 8027 + 61 = -2*j, u = 5*o + j. Is o a prime number?
False
Let k be (-18)/(-5) + 66/15 + -4. Suppose -3*u + 7 = k*d, -d + 8*u + 16 = 4*u. Suppose 3*l + d*g = 1277, 4*l + 0*l - 1711 = 3*g. Is l composite?
True
Let p be ((-2)/9 + 8/(-18))*-6. Suppose 15 = p*q + 3*o - 11, 0 = -2*o + 4. Suppose 0 = 3*i - 5*a - 670, 5*i - q*a - 1439 = -339. Is i a composite number?
True
Suppose g = 1, -4*g + 55 - 43 = -2*j. Is ((-111)/2 - j)/((-1)/82) a prime number?
False
Let o(y) = -402*y + 14. Let v be o(2). Let a = 2925 - v. Suppose 11*d + 954 = a. Is d a prime number?
True
Suppose -6 = -3*d + 6. Suppose -q - d = -6. Suppose q*f - 1922 = -756. Is f a composite number?
True
Is -83 - -88 - -1396*746 a composite number?
False
Suppose -3 = -2*l + u, 2*u - 18 = -3*l - u. Let d be -2 + l + 4/2. Suppose d*f - 371 = 10. Is f a composite number?
False
Let v be (-6)/(-4) + (-55)/(-22). Suppose -d = v*n - 346, -1723 = -4*d + 3*n - 396. Suppose -d = -c + 39. Is c prime?
True
Let g be ((-77)/(-21))/(2 - 1)*3. Suppose 0 = g*t - 5*t - 96654. Is t a composite number?
True
Let j = 111 + -108. Suppose j*h - 2 - 28 = 0. Is 5/(h/293)*2 a composite number?
False
Let y = -194 + 198. Suppose -y*f - 7888 = -4*s, -5*s - 2*f = -14087 + 4220. Is s composite?
False
Suppose -3*x + 18969 = -5052. Let n = x + -4160. Is n a composite number?
False
Suppose -4*b - 260 = 22*b. Let m(y) = -4*y**3 + 4*y**2 + 14*y + 26. Is m(b) composite?
True
Suppose v = -2*v - 2*n - 196, -5*v - 335 = -5*n. Let z be (-31692)/v - (-6)/(-33). Let i = z + 271. Is i composite?
False
Let m be (-4)/6 - 20/(-30). Let g(y) = -y + 60*y**3 + m + 2 - 6 + 2*y. Is g(2) a prime number?
False
Let j(z) = -1012*z + 16101. Is j(-129) a prime number?
False
Suppose -5*n + 523 = -552. Let j = n + 326. Is j a composite number?
False
Let n(q) = 311*q**2 + 54*q + 375. Is n(-8) composite?
True
Let q be -11 + -2 + 8 - 214/(-2). Is (-5)/(-6) + 9809/q a composite number?
False
Suppose 5*o - 2*s + 10857 = 240014, -229115 = -5*o - 5*s. Is o composite?
True
Suppose 45*v - 7490045 = -21*v - 1196879. Is v composite?
True
Let f(a) = -a**2 - 14*a - 60. Let z be f(-8). Is (-5 + 1)*(50583/z + -2) prime?
False
Suppose 17*b - 18*b 